{"id":1992,"date":"2020-11-04T09:26:47","date_gmt":"2020-11-04T09:26:47","guid":{"rendered":"https:\/\/cmpitalia.com\/?page_id=1992"},"modified":"2020-12-22T15:05:49","modified_gmt":"2020-12-22T15:05:49","slug":"cv_dgeorgetaoliveira","status":"publish","type":"page","link":"https:\/\/www.cmpitalia.com\/?page_id=1992","title":{"rendered":"CV_DGeorgetaOliveira"},"content":{"rendered":"<div class=\"ef4-gtb-block wp-block-\">[vc_row full_width=&#8221;stretch_row_content&#8221; gap=&#8221;20&#8243; equal_height=&#8221;yes&#8221; content_placement=&#8221;bottom&#8221; overlay_opacity=&#8221;&#8221; bg_fixed=&#8221;true&#8221; css=&#8221;.vc_custom_1608649498349{margin-top: -120px !important;padding-top: 200px !important;padding-bottom: 60px !important;background-image: url(https:\/\/cmpitalia.com\/wp-content\/uploads\/2019\/10\/image-from-rawpixel-id-513487-jpeg.jpg?id=1883) !important;background-position: center !important;background-repeat: no-repeat !important;background-size: cover !important;}&#8221;][vc_column width=&#8221;1\/6&#8243;][\/vc_column][vc_column width=&#8221;1\/3&#8243;][vc_column_text]<\/p>\n<h4 style=\"text-align: right;\">Dra Georgeta Maria Costa Alves de Oliveira<\/h4>\n<p>[\/vc_column_text][vc_empty_space height=&#8221;20px&#8221;][vc_column_text]<\/p>\n<h5 style=\"text-align: right;\">Especialidade<\/h5>\n<p>[\/vc_column_text][vc_column_text]<\/p>\n<p style=\"text-align: right;\">Pediatria<\/p>\n<p>[\/vc_column_text][\/vc_column][vc_column width=&#8221;1\/3&#8243;][vc_single_image image=&#8221;2167&#8243; img_size=&#8221;200&#8243;][\/vc_column][vc_column width=&#8221;1\/6&#8243;][\/vc_column][\/vc_row][vc_row full_width=&#8221;stretch_row_content&#8221; gap=&#8221;20&#8243; content_placement=&#8221;middle&#8221; overlay_opacity=&#8221;&#8221; css=&#8221;.vc_custom_1604403798837{padding-top: 60px !important;padding-bottom: 60px !important;background-color: #8fd974 !important;}&#8221;][vc_column width=&#8221;1\/6&#8243;][\/vc_column][vc_column width=&#8221;1\/3&#8243;][vc_single_image image=&#8221;2026&#8243; img_size=&#8221;100&#8243; alignment=&#8221;right&#8221; css=&#8221;.vc_custom_1604403678052{padding-right: 60px !important;}&#8221;][\/vc_column][vc_column width=&#8221;1\/3&#8243;][vc_column_text]<\/p>\n<h5>\u00c1reas de diferencia\u00e7\u00e3o<\/h5>\n<p>[\/vc_column_text][vc_column_text]<\/p>\n<p style=\"text-align: left;\">Alergologia Pedi\u00e1trica<\/p>\n<p>[\/vc_column_text][\/vc_column][vc_column width=&#8221;1\/6&#8243;][\/vc_column][\/vc_row][vc_row full_width=&#8221;stretch_row_content&#8221; gap=&#8221;30&#8243; overlay_opacity=&#8221;&#8221; css=&#8221;.vc_custom_1604479763510{padding-top: 60px !important;padding-bottom: 60px !important;}&#8221;][vc_column width=&#8221;1\/6&#8243;][\/vc_column][vc_column width=&#8221;2\/3&#8243;][vc_column_text]<\/p>\n<h3 style=\"text-align: center;\">Forma\u00e7\u00e3o Acad\u00e9mica e Atividade Profissional<\/h3>\n<p>[\/vc_column_text][\/vc_column][vc_column width=&#8221;1\/6&#8243;][\/vc_column][\/vc_row][vc_row full_width=&#8221;stretch_row_content&#8221; gap=&#8221;20&#8243;][vc_column width=&#8221;1\/6&#8243;][\/vc_column][vc_column width=&#8221;1\/6&#8243;][vc_single_image image=&#8221;2057&#8243; img_size=&#8221;84&#215;100&#8243; alignment=&#8221;right&#8221;][\/vc_column][vc_column width=&#8221;1\/2&#8243;][vc_column_text]<\/p>\n<p style=\"text-align: left;\"><strong>1994-1999<\/strong>\u00a0 Licenciatura em Medicina pela Faculdade de Medicina da Universidade do Porto<\/p>\n<p style=\"text-align: left;\"><strong>2000-2001<\/strong>\u00a0 Internato Geral no Centro Hospitalar de Vila Nova de Gaia<\/p>\n<p style=\"text-align: left;\"><strong>2002-2006\u00a0<\/strong> Internato de Pediatria no Departamento de Pediatria do Hospital Pedro Hispano<\/p>\n<p style=\"text-align: left;\"><strong>2007<\/strong>\u00a0 Especialista em Pediatria pela Ordem dos M\u00e9dicos<\/p>\n<p style=\"text-align: left;\"><strong>2000-2001\u00a0<\/strong> Interna Geral no Centro Hospitalar de Vila Nova de Gaia<\/p>\n<p style=\"text-align: left;\"><strong>2002-2006<\/strong>\u00a0 Interna de Pediatria no Departamento de Pediatria do Hospital Pedro Hispano<\/p>\n<p style=\"text-align: left;\"><strong>2007<\/strong> Assistente Hospitalar de Pediatria no Hospital Pedro Hispano- admitida com perfil de Alergologia Pedi\u00e1trica<\/p>\n<p style=\"text-align: left;\"><strong>2008\u00a0 <\/strong>Coordenadora do Internato de Pediatria do Hospital Pedro Hispano<\/p>\n<p style=\"text-align: left;\"><strong>2001-2007<\/strong>\u00a0 Assistente da Cadeira de Patologia na Escola Superior de Enfermagem Cidade do Porto<\/p>\n<p style=\"text-align: left;\"><strong>2004-2009\u00a0<\/strong> Assistente da Cadeira de Pediatria na Escola Superior de Tecnologia da Sa\u00fade do Porto<\/p>\n<p style=\"text-align: left;\"><strong>2004-presente\u00a0<\/strong> Instrutora de Suporte Avan\u00e7ado de Vida Pedi\u00e1trico<\/p>\n<p style=\"text-align: left;\"><strong>2014<\/strong>\u00a0 Mestrado em Alergologia (MSc Allergy) pela Faculdade de Medicina da Universidade de Southampton, Inglaterra<\/p>\n<p>[\/vc_column_text][\/vc_column][vc_column width=&#8221;1\/6&#8243;][\/vc_column][\/vc_row][vc_row full_width=&#8221;stretch_row_content&#8221; overlay_opacity=&#8221;&#8221; css=&#8221;.vc_custom_1604402051324{padding-top: 60px !important;padding-bottom: 60px !important;}&#8221;][vc_column width=&#8221;1\/6&#8243;][\/vc_column][vc_column width=&#8221;2\/3&#8243;][vc_column_text]<\/p>\n<h3 style=\"text-align: center;\">Associa\u00e7\u00f5es Profissionais, Publica\u00e7\u00f5es e outras informa\u00e7\u00f5es<\/h3>\n<p>[\/vc_column_text][\/vc_column][vc_column width=&#8221;1\/6&#8243;][\/vc_column][\/vc_row][vc_row full_width=&#8221;stretch_row_content&#8221; gap=&#8221;20&#8243;][vc_column width=&#8221;1\/6&#8243;][\/vc_column][vc_column width=&#8221;1\/6&#8243;][vc_single_image image=&#8221;2063&#8243; img_size=&#8221;100&#215;79&#8243; alignment=&#8221;right&#8221;][\/vc_column][vc_column width=&#8221;1\/2&#8243;][vc_column_text]Ordem dos M\u00e9dicos Portuguesa<\/p>\n<p>Sociedade Portuguesa de Pediatria (SPP) Sociedade Portuguesa de Alergologia Pedi\u00e1trica<\/p>\n<p>EACCI- European Academy of Allergy and Clinical Immunology<\/p>\n<p>V\u00e1rias publica\u00e7\u00f5es em revistas cient\u00edficas nacionais e internacionais e apresenta\u00e7\u00f5es em congressos pedi\u00e1tricos nacionais, como autor ou co-autor[\/vc_column_text][\/vc_column][vc_column width=&#8221;1\/6&#8243;][\/vc_column][\/vc_row]<\/p><\/div>\n","protected":false},"excerpt":{"rendered":"<p>[vc_row full_width=&#8221;stretch_row_content&#8221; gap=&#8221;20&#8243; equal_height=&#8221;yes&#8221; content_placement=&#8221;bottom&#8221; overlay_opacity=&#8221;&#8221; bg_fixed=&#8221;true&#8221; css=&#8221;.vc_custom_1608649498349{margin-top: -120px !important;padding-top: 200px !important;padding-bottom: 60px !important;background-image: url(https:\/\/cmpitalia.com\/wp-content\/uploads\/2019\/10\/image-from-rawpixel-id-513487-jpeg.jpg?id=1883) !important;background-position: center !important;background-repeat: no-repeat !important;background-size: cover !important;}&#8221;][vc_column width=&#8221;1\/6&#8243;][\/vc_column][vc_column width=&#8221;1\/3&#8243;][vc_column_text] Dra Georgeta Maria Costa Alves de Oliveira [\/vc_column_text][vc_empty_space height=&#8221;20px&#8221;][vc_column_text] Especialidade [\/vc_column_text][vc_column_text] Pediatria [\/vc_column_text][\/vc_column][vc_column width=&#8221;1\/3&#8243;][vc_single_image image=&#8221;2167&#8243; img_size=&#8221;200&#8243;][\/vc_column][vc_column width=&#8221;1\/6&#8243;][\/vc_column][\/vc_row][vc_row full_width=&#8221;stretch_row_content&#8221; gap=&#8221;20&#8243; content_placement=&#8221;middle&#8221; overlay_opacity=&#8221;&#8221; css=&#8221;.vc_custom_1604403798837{padding-top: 60px !important;padding-bottom: 60px !important;background-color: #8fd974 !important;}&#8221;][vc_column width=&#8221;1\/6&#8243;][\/vc_column][vc_column width=&#8221;1\/3&#8243;][vc_single_image image=&#8221;2026&#8243;<\/p>\n","protected":false},"author":1,"featured_media":0,"parent":0,"menu_order":0,"comment_status":"closed","ping_status":"closed","template":"","meta":{"footnotes":""},"_links":{"self":[{"href":"https:\/\/www.cmpitalia.com\/index.php?rest_route=\/wp\/v2\/pages\/1992"}],"collection":[{"href":"https:\/\/www.cmpitalia.com\/index.php?rest_route=\/wp\/v2\/pages"}],"about":[{"href":"https:\/\/www.cmpitalia.com\/index.php?rest_route=\/wp\/v2\/types\/page"}],"author":[{"embeddable":true,"href":"https:\/\/www.cmpitalia.com\/index.php?rest_route=\/wp\/v2\/users\/1"}],"replies":[{"embeddable":true,"href":"https:\/\/www.cmpitalia.com\/index.php?rest_route=%2Fwp%2Fv2%2Fcomments&post=1992"}],"version-history":[{"count":74,"href":"https:\/\/www.cmpitalia.com\/index.php?rest_route=\/wp\/v2\/pages\/1992\/revisions"}],"predecessor-version":[{"id":2203,"href":"https:\/\/www.cmpitalia.com\/index.php?rest_route=\/wp\/v2\/pages\/1992\/revisions\/2203"}],"wp:attachment":[{"href":"https:\/\/www.cmpitalia.com\/index.php?rest_route=%2Fwp%2Fv2%2Fmedia&parent=1992"}],"curies":[{"name":"wp","href":"https:\/\/api.w.org\/{rel}","templated":true}]}}