{"id":2175,"date":"2020-12-22T10:31:35","date_gmt":"2020-12-22T10:31:35","guid":{"rendered":"https:\/\/cmpitalia.com\/?page_id=2175"},"modified":"2020-12-22T15:03:53","modified_gmt":"2020-12-22T15:03:53","slug":"cv_dmartarola","status":"publish","type":"page","link":"https:\/\/www.cmpitalia.com\/?page_id=2175","title":{"rendered":"CV_DMartaRola"},"content":{"rendered":"<div class=\"ef4-gtb-block wp-block-\">[vc_row full_width=&#8221;stretch_row_content&#8221; gap=&#8221;20&#8243; equal_height=&#8221;yes&#8221; content_placement=&#8221;bottom&#8221; overlay_opacity=&#8221;&#8221; bg_fixed=&#8221;true&#8221; css=&#8221;.vc_custom_1608649426182{margin-top: -120px !important;padding-top: 200px !important;padding-bottom: 60px !important;background-image: url(https:\/\/cmpitalia.com\/wp-content\/uploads\/2019\/10\/image-from-rawpixel-id-513487-jpeg.jpg?id=1883) !important;background-position: center !important;background-repeat: no-repeat !important;background-size: cover !important;}&#8221;][vc_column width=&#8221;1\/6&#8243;][\/vc_column][vc_column width=&#8221;1\/3&#8243;][vc_column_text]<\/p>\n<h4 style=\"text-align: right;\">Dra Marta Rola<\/h4>\n<p>[\/vc_column_text][vc_empty_space height=&#8221;20px&#8221;][vc_column_text]<\/p>\n<h5 style=\"text-align: right;\">Especialidade<\/h5>\n<p>[\/vc_column_text][vc_column_text]<\/p>\n<p style=\"text-align: right;\">Pediatria<\/p>\n<p>[\/vc_column_text][\/vc_column][vc_column width=&#8221;1\/3&#8243;][vc_single_image image=&#8221;2166&#8243; img_size=&#8221;200&#8243;][\/vc_column][vc_column width=&#8221;1\/6&#8243;][\/vc_column][\/vc_row][vc_row full_width=&#8221;stretch_row_content&#8221; gap=&#8221;20&#8243; content_placement=&#8221;middle&#8221; overlay_opacity=&#8221;&#8221; css=&#8221;.vc_custom_1604403798837{padding-top: 60px !important;padding-bottom: 60px !important;background-color: #8fd974 !important;}&#8221;][vc_column width=&#8221;1\/6&#8243;][\/vc_column][vc_column width=&#8221;1\/3&#8243;][vc_single_image image=&#8221;2026&#8243; img_size=&#8221;100&#8243; alignment=&#8221;right&#8221; css=&#8221;.vc_custom_1604403678052{padding-right: 60px !important;}&#8221;][\/vc_column][vc_column width=&#8221;1\/3&#8243;][vc_column_text]<\/p>\n<h5>\u00c1reas de diferencia\u00e7\u00e3o<\/h5>\n<p>[\/vc_column_text][vc_column_text]<\/p>\n<p style=\"text-align: left;\">Pediatria Geral<\/p>\n<p>[\/vc_column_text][\/vc_column][vc_column width=&#8221;1\/6&#8243;][\/vc_column][\/vc_row][vc_row full_width=&#8221;stretch_row_content&#8221; gap=&#8221;30&#8243; overlay_opacity=&#8221;&#8221; css=&#8221;.vc_custom_1604479763510{padding-top: 60px !important;padding-bottom: 60px !important;}&#8221;][vc_column width=&#8221;1\/6&#8243;][\/vc_column][vc_column width=&#8221;2\/3&#8243;][vc_column_text]<\/p>\n<h3 style=\"text-align: center;\">Forma\u00e7\u00e3o Acad\u00e9mica<\/h3>\n<p>[\/vc_column_text][\/vc_column][vc_column width=&#8221;1\/6&#8243;][\/vc_column][\/vc_row][vc_row full_width=&#8221;stretch_row_content&#8221; gap=&#8221;20&#8243;][vc_column width=&#8221;1\/6&#8243;][\/vc_column][vc_column width=&#8221;1\/6&#8243;][vc_single_image image=&#8221;2092&#8243; img_size=&#8221;100&#215;100&#8243; alignment=&#8221;right&#8221;][\/vc_column][vc_column width=&#8221;1\/2&#8243;][vc_column_text]Licenciatura em Medicina pela Faculdade de Medicina da Universidade do Porto, FMUP (1996)<\/p>\n<p>P\u00f3s Gradua\u00e7\u00e3o em Medicina Molecular na FMUP\/IPATIMUP (2002)<\/p>\n<p>Especializa\u00e7\u00e3o em Medicina desportiva 2017\/2018<\/p>\n<p>Suporte Avan\u00e7ado de Vida Pedi\u00e1trico American Heart Association (Outubro 2017)<\/p>\n<p>Curso de Medicina do Futebol 2019[\/vc_column_text][\/vc_column][vc_column width=&#8221;1\/6&#8243;][\/vc_column][\/vc_row][vc_row full_width=&#8221;stretch_row_content&#8221; gap=&#8221;30&#8243; overlay_opacity=&#8221;&#8221; css=&#8221;.vc_custom_1604479763510{padding-top: 60px !important;padding-bottom: 60px !important;}&#8221;][vc_column width=&#8221;1\/6&#8243;][\/vc_column][vc_column width=&#8221;2\/3&#8243;][vc_column_text]<\/p>\n<h3 style=\"text-align: center;\">Carreira e Fun\u00e7\u00f5es Profissionais<\/h3>\n<p>[\/vc_column_text][\/vc_column][vc_column width=&#8221;1\/6&#8243;][\/vc_column][\/vc_row][vc_row full_width=&#8221;stretch_row_content&#8221; gap=&#8221;20&#8243;][vc_column width=&#8221;1\/6&#8243;][\/vc_column][vc_column width=&#8221;1\/6&#8243;][vc_single_image image=&#8221;2057&#8243; img_size=&#8221;84&#215;100&#8243; alignment=&#8221;right&#8221;][\/vc_column][vc_column width=&#8221;1\/2&#8243;][vc_column_text]Internato Geral no Hospital de S\u00e3o Jo\u00e3o, Porto (1997-1998)<\/p>\n<p>Internato de Pediatria, Hospital Pedro Hispano Matosinhos (1999-2004)<\/p>\n<p>Grau de Especialista em Pediatria (2004)<\/p>\n<p>Inscrito no Col\u00e9gio da Especialidade de Pediatria (desde 2004)<\/p>\n<p>Assistente Hospitalar Servi\u00e7o de Neonatologia do Hospital Pedro (1 agosto 2004-31 agosto 2007)<\/p>\n<p>Assistente Hospitalar no Servi\u00e7o de Pediatria do Hospital Pedro Hispano (1 setembro 2007-31 mar\u00e7o 2009)<\/p>\n<p>Pediatra Geral na Clinica Obst\u00e9trica e Ginecol\u00f3gica de Espinho (desde Abril de 2003) Consulta externa e Internamento<\/p>\n<p>Pediatra Geral Porto Cl\u00ednica (desde 2010) Consulta Externa<\/p>\n<p>Pediatra Geral Instituto CUF (1 de Setembro de 2007 a 14 Setembro de 2010) Atendimento Pedi\u00e1trico Urgente<\/p>\n<p>Pediatra Geral Hospital CUF (desde 15 de Setembro de 2010) Servi\u00e7o de Atendimento Pedi\u00e1trico Permanente, Servi\u00e7o de Obstetr\u00edcia, Neonatologia e Consulta Externa[\/vc_column_text][\/vc_column][vc_column width=&#8221;1\/6&#8243;][\/vc_column][\/vc_row]<\/p><\/div>\n","protected":false},"excerpt":{"rendered":"<p>[vc_row full_width=&#8221;stretch_row_content&#8221; gap=&#8221;20&#8243; equal_height=&#8221;yes&#8221; content_placement=&#8221;bottom&#8221; overlay_opacity=&#8221;&#8221; bg_fixed=&#8221;true&#8221; css=&#8221;.vc_custom_1608649426182{margin-top: -120px !important;padding-top: 200px !important;padding-bottom: 60px !important;background-image: url(https:\/\/cmpitalia.com\/wp-content\/uploads\/2019\/10\/image-from-rawpixel-id-513487-jpeg.jpg?id=1883) !important;background-position: center !important;background-repeat: no-repeat !important;background-size: cover !important;}&#8221;][vc_column width=&#8221;1\/6&#8243;][\/vc_column][vc_column width=&#8221;1\/3&#8243;][vc_column_text] Dra Marta Rola [\/vc_column_text][vc_empty_space height=&#8221;20px&#8221;][vc_column_text] Especialidade [\/vc_column_text][vc_column_text] Pediatria [\/vc_column_text][\/vc_column][vc_column width=&#8221;1\/3&#8243;][vc_single_image image=&#8221;2166&#8243; img_size=&#8221;200&#8243;][\/vc_column][vc_column width=&#8221;1\/6&#8243;][\/vc_column][\/vc_row][vc_row full_width=&#8221;stretch_row_content&#8221; gap=&#8221;20&#8243; content_placement=&#8221;middle&#8221; overlay_opacity=&#8221;&#8221; css=&#8221;.vc_custom_1604403798837{padding-top: 60px !important;padding-bottom: 60px !important;background-color: #8fd974 !important;}&#8221;][vc_column width=&#8221;1\/6&#8243;][\/vc_column][vc_column width=&#8221;1\/3&#8243;][vc_single_image image=&#8221;2026&#8243; img_size=&#8221;100&#8243; alignment=&#8221;right&#8221; css=&#8221;.vc_custom_1604403678052{padding-right: 60px<\/p>\n","protected":false},"author":1,"featured_media":0,"parent":0,"menu_order":0,"comment_status":"closed","ping_status":"closed","template":"","meta":{"footnotes":""},"_links":{"self":[{"href":"https:\/\/www.cmpitalia.com\/index.php?rest_route=\/wp\/v2\/pages\/2175"}],"collection":[{"href":"https:\/\/www.cmpitalia.com\/index.php?rest_route=\/wp\/v2\/pages"}],"about":[{"href":"https:\/\/www.cmpitalia.com\/index.php?rest_route=\/wp\/v2\/types\/page"}],"author":[{"embeddable":true,"href":"https:\/\/www.cmpitalia.com\/index.php?rest_route=\/wp\/v2\/users\/1"}],"replies":[{"embeddable":true,"href":"https:\/\/www.cmpitalia.com\/index.php?rest_route=%2Fwp%2Fv2%2Fcomments&post=2175"}],"version-history":[{"count":4,"href":"https:\/\/www.cmpitalia.com\/index.php?rest_route=\/wp\/v2\/pages\/2175\/revisions"}],"predecessor-version":[{"id":2201,"href":"https:\/\/www.cmpitalia.com\/index.php?rest_route=\/wp\/v2\/pages\/2175\/revisions\/2201"}],"wp:attachment":[{"href":"https:\/\/www.cmpitalia.com\/index.php?rest_route=%2Fwp%2Fv2%2Fmedia&parent=2175"}],"curies":[{"name":"wp","href":"https:\/\/api.w.org\/{rel}","templated":true}]}}