{"id":2182,"date":"2020-12-22T12:03:04","date_gmt":"2020-12-22T12:03:04","guid":{"rendered":"https:\/\/cmpitalia.com\/?page_id=2182"},"modified":"2021-02-11T13:36:37","modified_gmt":"2021-02-11T13:36:37","slug":"cv_dmartarios-2","status":"publish","type":"page","link":"https:\/\/www.cmpitalia.com\/?page_id=2182","title":{"rendered":"Dra. Cl\u00e1udia Gon\u00e7alves"},"content":{"rendered":"<div class=\"ef4-gtb-block wp-block-\">[vc_row full_width=&#8221;stretch_row_content&#8221; gap=&#8221;20&#8243; equal_height=&#8221;yes&#8221; content_placement=&#8221;bottom&#8221; overlay_opacity=&#8221;&#8221; bg_fixed=&#8221;true&#8221; css=&#8221;.vc_custom_1608649249113{margin-top: -120px !important;padding-top: 200px !important;padding-bottom: 60px !important;background-image: url(https:\/\/cmpitalia.com\/wp-content\/uploads\/2019\/10\/image-from-rawpixel-id-513487-jpeg.jpg?id=1883) !important;background-position: center !important;background-repeat: no-repeat !important;background-size: cover !important;}&#8221;][vc_column width=&#8221;1\/6&#8243;][\/vc_column][vc_column width=&#8221;1\/3&#8243;][vc_column_text]<\/p>\n<h4 style=\"text-align: right;\">Dra Cl\u00e1udia Gon\u00e7alves<\/h4>\n<p>[\/vc_column_text][vc_empty_space height=&#8221;20px&#8221;][vc_column_text]<\/p>\n<h5 style=\"text-align: right;\">Especialidade<\/h5>\n<p>[\/vc_column_text][vc_column_text]<\/p>\n<p style=\"text-align: right;\">Pediatria<\/p>\n<p>[\/vc_column_text][\/vc_column][vc_column width=&#8221;1\/3&#8243;][vc_single_image image=&#8221;2165&#8243; img_size=&#8221;200&#8243;][\/vc_column][vc_column width=&#8221;1\/6&#8243;][\/vc_column][\/vc_row][vc_row full_width=&#8221;stretch_row_content&#8221; gap=&#8221;20&#8243; content_placement=&#8221;middle&#8221; overlay_opacity=&#8221;&#8221; css=&#8221;.vc_custom_1604403798837{padding-top: 60px !important;padding-bottom: 60px !important;background-color: #8fd974 !important;}&#8221;][vc_column width=&#8221;1\/6&#8243;][\/vc_column][vc_column width=&#8221;1\/3&#8243;][vc_single_image image=&#8221;2026&#8243; img_size=&#8221;100&#8243; alignment=&#8221;right&#8221; css=&#8221;.vc_custom_1604403678052{padding-right: 60px !important;}&#8221;][\/vc_column][vc_column width=&#8221;1\/3&#8243;][vc_column_text]<\/p>\n<h5>\u00c1reas de diferencia\u00e7\u00e3o<\/h5>\n<p>[\/vc_column_text][vc_column_text]<\/p>\n<p style=\"text-align: left;\">Neurodosenvolvimento<\/p>\n<p>[\/vc_column_text][\/vc_column][vc_column width=&#8221;1\/6&#8243;][\/vc_column][\/vc_row][vc_row full_width=&#8221;stretch_row_content&#8221; gap=&#8221;30&#8243; overlay_opacity=&#8221;&#8221; css=&#8221;.vc_custom_1604479763510{padding-top: 60px !important;padding-bottom: 60px !important;}&#8221;][vc_column width=&#8221;1\/6&#8243;][\/vc_column][vc_column width=&#8221;2\/3&#8243;][vc_column_text]<\/p>\n<h3 style=\"text-align: center;\">Atividade Cl\u00ednica<\/h3>\n<p>[\/vc_column_text][\/vc_column][vc_column width=&#8221;1\/6&#8243;][\/vc_column][\/vc_row][vc_row full_width=&#8221;stretch_row_content&#8221; gap=&#8221;20&#8243;][vc_column width=&#8221;1\/6&#8243;][\/vc_column][vc_column width=&#8221;1\/6&#8243;][vc_single_image image=&#8221;2057&#8243; img_size=&#8221;84&#215;100&#8243; alignment=&#8221;right&#8221;][\/vc_column][vc_column width=&#8221;1\/2&#8243;][vc_column_text]Coordenadora do Internamento de Pediatria \u2013 ULS Matosinhos, de Jun 2008 a Dez 2009<\/p>\n<p>Chefe de Equipa de Urg\u00eancia de Pediatria do Hospital Pedro Hispano \/ ULS Matosinhos no Servi\u00e7o de Urg\u00eancia da rede de Urg\u00eancia Integrada do Porto, no Hospital de S\u00e3o Jo\u00e3o.<\/p>\n<p>Colaboradora na Unidade de Neurodesenvolvimento do Hospital Pedro Hispano desde Mar\u00e7o 2004; Coordenadora desta Unidade desde Setembro 2019<\/p>\n<p>Respons\u00e1vel pela articula\u00e7\u00e3o com a ELI de Matosinhos, desde Abril 2012, no \u00e2mbito do Projeto Nacional de Interven\u00e7\u00e3o Precoce na Inf\u00e2ncia. SNIPI<\/p>\n<p>Consulta de Pediatria do Neurodesenvolvimento no Hospital CUF Porto desde 2012[\/vc_column_text][\/vc_column][vc_column width=&#8221;1\/6&#8243;][\/vc_column][\/vc_row][vc_row full_width=&#8221;stretch_row_content&#8221; overlay_opacity=&#8221;&#8221; css=&#8221;.vc_custom_1604402051324{padding-top: 60px !important;padding-bottom: 60px !important;}&#8221;][vc_column width=&#8221;1\/6&#8243;][\/vc_column][vc_column width=&#8221;2\/3&#8243;][vc_column_text]<\/p>\n<h3 style=\"text-align: center;\">Atividade Cient\u00edfica e Formativa<\/h3>\n<p>[\/vc_column_text][\/vc_column][vc_column width=&#8221;1\/6&#8243;][\/vc_column][\/vc_row][vc_row full_width=&#8221;stretch_row_content&#8221; gap=&#8221;20&#8243;][vc_column width=&#8221;1\/6&#8243;][\/vc_column][vc_column width=&#8221;1\/6&#8243;][vc_single_image image=&#8221;2063&#8243; img_size=&#8221;100&#215;79&#8243; alignment=&#8221;right&#8221;][\/vc_column][vc_column width=&#8221;1\/2&#8243;][vc_column_text]<\/p>\n<h5>Forma\u00e7\u00f5es Espec\u00edficas<\/h5>\n<p>[\/vc_column_text][vc_empty_space height=&#8221;20px&#8221;][vc_column_text]Curso de forma\u00e7\u00e3o: avalia\u00e7\u00e3o e desenvolvimento em interven\u00e7\u00e3o precoce (21 horas). Divis\u00e3o de Sa\u00fade Materna, Infantil e dos Adolescentes da Direc\u00e7\u00e3o Geral de Sa\u00fade. Lisboa, Novembro 2004<\/p>\n<p>Forma\u00e7\u00e3o em escalas de desenvolvimento de Ruth Griffiths (36 horas). Associa\u00e7\u00e3o Portuguesa de Paralisia Cerebral \u2013 Centro de Reabilita\u00e7\u00e3o de Paralisia Cerebral Calouste Gulbenkian. Lisboa, Fevereiro e Mar\u00e7o de 2006[\/vc_column_text][vc_empty_space height=&#8221;60px&#8221;][vc_column_text]<\/p>\n<h5>Organiza\u00e7\u00e3o de Cursos de Desenvolvimento Infantil<\/h5>\n<p>[\/vc_column_text][vc_empty_space height=&#8221;20px&#8221;][vc_column_text]<strong>Integra\u00e7\u00e3o da<\/strong> <strong>comiss\u00e3o organizadora<\/strong><\/p>\n<p>Curso de Desenvolvimento Infantil das 1\u00aas Jornadas de Pediatria \u00b409 do Instituto CUF, organizadas pelo GAP (Grupo de Atendimento Pedi\u00e1trico). Porto, Fevereiro 2009<\/p>\n<p>2\u00ba Encontro de Pediatria \u2013 Perturba\u00e7\u00f5es do Desenvolvimento. ACeS e Departamento da Mulher, da Crian\u00e7a e do Jovem da ULS Matosinhos. Matosinhos, Janeiro 2013<\/p>\n<p><strong>Modera\u00e7\u00e3o de mesas redondas em reuni\u00f5es cient\u00edficas<\/strong><\/p>\n<p>\u201cAvalia\u00e7\u00e3o do Desenvolvimento Normal \/ Patol\u00f3gico\u201d. Reuni\u00e3o organizada pelo Servi\u00e7o de Pediatria da ULSM e dos ACES \u2013 \u201c Ao encontro da Comunidade\u201d A Crian\u00e7a e o Jovem na ULS de Matosinhos. Matosinhos, Abril de 2010<\/p>\n<p><strong>\u00a0<\/strong>PHDA \u2013 A Vis\u00e3o de 3 especialidades Medicas. 3\u00ba Encontro de MGF (EnMGF) de Matosinhos. Matosinhos, Maio 17[\/vc_column_text][vc_empty_space height=&#8221;60px&#8221;][vc_column_text]<\/p>\n<h5>Comunica\u00e7\u00f5es a Convite &#8211; Palestrante<\/h5>\n<p>[\/vc_column_text][vc_empty_space height=&#8221;20px&#8221;][vc_column_text]Avalia\u00e7\u00e3o do desenvolvimento Psicomotor dos 0 aos 5 anos (Sinais de Alarme). 2\u00aas Jornadas de Pediatria \u030110 &#8211; Grupo de Atendimento Pedi\u00e1trico do Instituto CUF. Porto, Fevereiro 2010<\/p>\n<p>Perturba\u00e7\u00f5es de Linguagem. 2\u00ba Encontro de Pediatria \u2013 PERTURBA\u00c7\u00d5ES DO DESENVOLVIMENTO ACEs\u00a0 e\u00a0 Departamento\u00a0 da\u00a0 Mulher,\u00a0 da\u00a0 Crian\u00e7a\u00a0 e\u00a0 do\u00a0 Jovem\u00a0 da\u00a0 ULS\u00a0 de Matosinhos. Matosinhos, Janeiro 2013<\/p>\n<p>PHDA \u2013 Etiologia e Diagn\u00f3stico. Encontro para pais e professores, no HCUF. Porto, Fevereiro 2015<\/p>\n<p>PHDA \u2013 A Vis\u00e3o de 3 especialidades Medicas. 3\u00ba Encontro de MGF (EnMGF) de Matosinhos \u2013 12 e 13 Maio 2017. Matosinhos, Maio 17<\/p>\n<p>Perturba\u00e7\u00e3o do Espectro do Autismo : Diagn\u00f3stico nos primeiros anos de vida. Reuni\u00e3o Cientifica no \u00e2mbito da Tem\u00e1tica \u201cComunica\u00e7\u00e3o na Perturba\u00e7\u00e3o do Espectro do Autismo, organizada pelo Departamento de Linguagem na Crian\u00e7a da Sociedade Portuguesa de Terapia da Fala. Gondomar \u2013\u00a0 Outubro 2019<\/p>\n<p>Perturba\u00e7\u00f5es da Regula\u00e7\u00e3o do Processamento Sensorial: apresenta\u00e7\u00e3o de dois casos cl\u00ednicos. Jornadas: Estrat\u00e9gias de Integra\u00e7\u00e3o Sensorial : Possibilidades de Interven\u00e7\u00e3o em Contexto de Creche e Pr\u00e9-Escolar, organizada pela IPSS \u201cA Beneficiente\u201d em parceria com a Camara Municipal da Povoa de Varzim e Centro de Forma\u00e7\u00e3o da Associa\u00e7\u00e3o de Escolas dos Concelhos da P\u00f3voa de Varzim e Vila do Conde. P\u00f3voa de Varzim \u2013\u00a0 Outubro 2019[\/vc_column_text][vc_empty_space height=&#8221;60px&#8221;][vc_column_text]<\/p>\n<h5>Participa\u00e7\u00e3o em Projetos de Investiga\u00e7\u00e3o<\/h5>\n<p>[\/vc_column_text][vc_empty_space height=&#8221;20px&#8221;][vc_column_text]Desenvolvimento psico-motor de grandes prematuros: estudo retrospectivo 2000-2004. N\u00e1dia Rodrigues, Lia Rodrigues e Rodrigues, Natacha Fontes, Alexandrina Portela, Isabel Martins, Cl\u00e1udia Gon\u00e7alves, Maria Manuel Lopes. Servi\u00e7o de Neonatologia e Unidade de Desenvolvimento do HPH\u00a0 (Revis\u00e3o de processos cl\u00ednicos de 67 prematuros com idade gestacional entre\u00a0 as\u00a0 24+0\u00a0 e\u00a0 31+6\u00a0 semanas,\u00a0 nascidos\u00a0 no\u00a0 HPH\u00a0 entre\u00a0 1997\u00a0 e\u00a0 2002\u00a0 e submetidos a avalia\u00e7\u00e3o do desenvolvimento segundo a Escala de Ruth Griffiths at\u00e9 \u00e0 idade escolar)[\/vc_column_text][vc_empty_space height=&#8221;60px&#8221;][vc_column_text]<\/p>\n<h5>Folhetos Informativos<\/h5>\n<p>[\/vc_column_text][vc_empty_space height=&#8221;20px&#8221;][vc_column_text]Perturba\u00e7\u00e3o de Hiperatividade e D\u00e9fice de Aten\u00e7\u00e3o \u2013 Daria Resende, N\u00e1dia Rodrigues, Claudia Gon\u00e7alves, Maria Manuel Lopes \u00a0&#8211; 2008<\/p>\n<p>Dislexia &#8211; S\u00edlvia Saraiva, Sofia Ferreira, Cl\u00e1udia Gon\u00e7alves &#8211; 2009<\/p>\n<p>Dificuldades de aprendizagem e Perturba\u00e7\u00f5es \u2013 Referenciar \u00e0 consulta, Quando?, Como? . Unidade de Neurodesenvolvimento em articula\u00e7\u00e3o com a Unidade Funcional de Pedopsiquiatria \u2013 Hospital Pedro Hispano \u2013 ULS Matosinhos. Andreia A. Martins, N\u00e1dia Rodrigues, Maria Manuel Lopes, Lara Vilela, Nuno Pangaio, Cl\u00e1udia Gon\u00e7alves &#8211; 2017[\/vc_column_text][vc_empty_space height=&#8221;60px&#8221;][vc_column_text]<\/p>\n<h5>Ac\u00e7\u00f5es de Forma\u00e7\u00e3o e Educa\u00e7\u00e3o M\u00e9dica Frequentadas<\/h5>\n<p>[\/vc_column_text][vc_empty_space height=&#8221;20px&#8221;][vc_column_text]Frequentou variados simp\u00f3sios, congressos, semin\u00e1rios abordando temas subordinados \u00e0 \u00e1rea do Neurodesenvolvimento, entre eles:<\/p>\n<ul>\n<li>Interven\u00e7\u00e3o Precoce<\/li>\n<li>Perturba\u00e7\u00f5es do Espectro do Autismo<\/li>\n<li>PHDA &#8211; Perturba\u00e7\u00e3o de Hiperatividade e d\u00e9fice de aten\u00e7\u00e3o<\/li>\n<li>Interven\u00e7\u00e3o no Desenvolvimento at\u00edpico<\/li>\n<\/ul>\n<p>[\/vc_column_text][vc_empty_space height=&#8221;60px&#8221;][vc_column_text]<\/p>\n<h5>Outras Actividades Formativas<\/h5>\n<p>[\/vc_column_text][vc_empty_space height=&#8221;20px&#8221;][vc_column_text]Colabora\u00e7\u00e3o na forma\u00e7\u00e3o de Internos Complementares de Pediatria e Medicina Geral e Familiar, de Internos do Ano Comum e alunos de Medicina.<\/p>\n<p>Orientadora de forma\u00e7\u00e3o de 3 internas do Internato Complementar de Pediatria M\u00e9dica e de uma interna do Internato Complementar de Pediatria do Servi\u00e7o de Pediatria do Centro Hospitalar S\u00e3o Jo\u00e3o, a efetuar val\u00eancia de Pediatria Geral II no Hospital Pedro Hispano.<\/p>\n<p>Apresenta\u00e7\u00e3o peri\u00f3dica do tema Desenvolvimento Psico-motor dos 0 aos 5 anos, nas Sess\u00f5es semanais de Forma\u00e7\u00e3o para internos de Pediatria, MGF e IAC\u00b4s.[\/vc_column_text][vc_empty_space height=&#8221;60px&#8221;][vc_column_text]<\/p>\n<h5>Sociedades Cient\u00edficas<\/h5>\n<p>[\/vc_column_text][vc_empty_space height=&#8221;20px&#8221;][vc_column_text]<\/p>\n<ul>\n<li>Sec\u00e7\u00e3o Regional Norte da Ordem dos M\u00e9dicos<\/li>\n<li>Col\u00e9gio da Especialidade de Pediatria<\/li>\n<li>Sociedade Portuguesa de Pediatria<\/li>\n<li>Sociedade Portuguesa do D\u00e9fice de Aten\u00e7\u00e3o<\/li>\n<\/ul>\n<p>[\/vc_column_text][\/vc_column][vc_column width=&#8221;1\/6&#8243;][\/vc_column][\/vc_row]<\/p><\/div>\n","protected":false},"excerpt":{"rendered":"<p>[vc_row full_width=&#8221;stretch_row_content&#8221; gap=&#8221;20&#8243; equal_height=&#8221;yes&#8221; content_placement=&#8221;bottom&#8221; overlay_opacity=&#8221;&#8221; bg_fixed=&#8221;true&#8221; css=&#8221;.vc_custom_1608649249113{margin-top: -120px !important;padding-top: 200px !important;padding-bottom: 60px !important;background-image: url(https:\/\/cmpitalia.com\/wp-content\/uploads\/2019\/10\/image-from-rawpixel-id-513487-jpeg.jpg?id=1883) !important;background-position: center !important;background-repeat: no-repeat !important;background-size: cover !important;}&#8221;][vc_column width=&#8221;1\/6&#8243;][\/vc_column][vc_column width=&#8221;1\/3&#8243;][vc_column_text] Dra Cl\u00e1udia Gon\u00e7alves [\/vc_column_text][vc_empty_space height=&#8221;20px&#8221;][vc_column_text] Especialidade [\/vc_column_text][vc_column_text] Pediatria [\/vc_column_text][\/vc_column][vc_column width=&#8221;1\/3&#8243;][vc_single_image image=&#8221;2165&#8243; img_size=&#8221;200&#8243;][\/vc_column][vc_column width=&#8221;1\/6&#8243;][\/vc_column][\/vc_row][vc_row full_width=&#8221;stretch_row_content&#8221; gap=&#8221;20&#8243; content_placement=&#8221;middle&#8221; overlay_opacity=&#8221;&#8221; css=&#8221;.vc_custom_1604403798837{padding-top: 60px !important;padding-bottom: 60px !important;background-color: #8fd974 !important;}&#8221;][vc_column width=&#8221;1\/6&#8243;][\/vc_column][vc_column width=&#8221;1\/3&#8243;][vc_single_image image=&#8221;2026&#8243; img_size=&#8221;100&#8243; alignment=&#8221;right&#8221; css=&#8221;.vc_custom_1604403678052{padding-right: 60px<\/p>\n","protected":false},"author":1,"featured_media":0,"parent":0,"menu_order":0,"comment_status":"closed","ping_status":"closed","template":"","meta":{"footnotes":""},"_links":{"self":[{"href":"https:\/\/www.cmpitalia.com\/index.php?rest_route=\/wp\/v2\/pages\/2182"}],"collection":[{"href":"https:\/\/www.cmpitalia.com\/index.php?rest_route=\/wp\/v2\/pages"}],"about":[{"href":"https:\/\/www.cmpitalia.com\/index.php?rest_route=\/wp\/v2\/types\/page"}],"author":[{"embeddable":true,"href":"https:\/\/www.cmpitalia.com\/index.php?rest_route=\/wp\/v2\/users\/1"}],"replies":[{"embeddable":true,"href":"https:\/\/www.cmpitalia.com\/index.php?rest_route=%2Fwp%2Fv2%2Fcomments&post=2182"}],"version-history":[{"count":14,"href":"https:\/\/www.cmpitalia.com\/index.php?rest_route=\/wp\/v2\/pages\/2182\/revisions"}],"predecessor-version":[{"id":2226,"href":"https:\/\/www.cmpitalia.com\/index.php?rest_route=\/wp\/v2\/pages\/2182\/revisions\/2226"}],"wp:attachment":[{"href":"https:\/\/www.cmpitalia.com\/index.php?rest_route=%2Fwp%2Fv2%2Fmedia&parent=2182"}],"curies":[{"name":"wp","href":"https:\/\/api.w.org\/{rel}","templated":true}]}}